{"id":285,"date":"2026-04-18T07:56:06","date_gmt":"2026-04-18T07:56:06","guid":{"rendered":"https:\/\/aevum.id.vn\/?post_type=product&#038;p=285"},"modified":"2026-04-18T07:56:06","modified_gmt":"2026-04-18T07:56:06","slug":"calvin-klein-doi-quartz-pin-day-da","status":"publish","type":"product","link":"https:\/\/aevum.id.vn\/?product=calvin-klein-doi-quartz-pin-day-da","title":{"rendered":"Calvin Klein \u0110\u00f4i \u2013 Quartz (Pin) \u2013 D\u00e2y Da"},"content":{"rendered":"<h1 class=\"product-title product_title entry-title\">Calvin Klein \u0110\u00f4i \u2013 Quartz (Pin) \u2013 D\u00e2y Da<\/h1>\n<p><strong data-start=\"121\" data-end=\"157\">Calvin Klein <\/strong>\u00a0l\u00e0 m\u1eabu \u0111\u1ed3ng h\u1ed3 \u0111\u00f4i mang phong c\u00e1ch <strong data-start=\"193\" data-end=\"224\">minimalism \u0111\u1eb7c tr\u01b0ng c\u1ee7a CK<\/strong> \u2013 \u0111\u01a1n gi\u1ea3n nh\u01b0ng c\u1ef1c k\u1ef3 sang tr\u1ecdng, ph\u00f9 h\u1ee3p cho c\u00e1c c\u1eb7p \u0111\u00f4i y\u00eau th\u00edch s\u1ef1 tinh t\u1ebf v\u00e0 \u0111\u1ed3ng \u0111i\u1ec7u.<\/p>\n<p><img loading=\"lazy\" decoding=\"async\" class=\"skip-lazy entered pmloaded lazy-load-active\" title=\"CK-K7B216C6-2\" src=\"https:\/\/image.donghohaitrieu.com\/wp-content\/uploads\/2023\/09\/CK-K7B216C6-2.jpg\" alt=\"\" width=\"600\" height=\"600\" data-caption=\"\" data-src=\"https:\/\/image.donghohaitrieu.com\/wp-content\/uploads\/2023\/09\/CK-K7B216C6-2.jpg\" data-large_image=\"https:\/\/image.donghohaitrieu.com\/wp-content\/uploads\/2023\/09\/CK-K7B216C6-2.jpg\" data-large_image_width=\"1100\" data-large_image_height=\"1100\" data-ll-status=\"loaded\" \/><\/p>\n<p><img loading=\"lazy\" decoding=\"async\" class=\"skip-lazy entered pmloaded lazy-load-active\" title=\"CK-K7B236C6-3\" src=\"https:\/\/image.donghohaitrieu.com\/wp-content\/uploads\/2023\/09\/CK-K7B236C6-3.jpg\" alt=\"\" width=\"600\" height=\"600\" data-caption=\"\" data-src=\"https:\/\/image.donghohaitrieu.com\/wp-content\/uploads\/2023\/09\/CK-K7B236C6-3.jpg\" data-large_image=\"https:\/\/image.donghohaitrieu.com\/wp-content\/uploads\/2023\/09\/CK-K7B236C6-3.jpg\" data-large_image_width=\"1100\" data-large_image_height=\"1100\" data-ll-status=\"loaded\" \/><\/p>\n<p><img loading=\"lazy\" decoding=\"async\" class=\"wp-post-image skip-lazy entered lazy-load-active pmloaded\" title=\"15_K7B211CY-K7B231CY\" src=\"https:\/\/image.donghohaitrieu.com\/wp-content\/uploads\/2023\/09\/15_K7B211CY-K7B231CY.jpg\" alt=\"\" width=\"600\" height=\"600\" data-caption=\"\" data-src=\"https:\/\/image.donghohaitrieu.com\/wp-content\/uploads\/2023\/09\/15_K7B211CY-K7B231CY.jpg\" data-large_image=\"https:\/\/image.donghohaitrieu.com\/wp-content\/uploads\/2023\/09\/15_K7B211CY-K7B231CY.jpg\" data-large_image_width=\"900\" data-large_image_height=\"900\" data-ll-status=\"loaded\" \/><\/p>\n<p data-start=\"321\" data-end=\"474\">Thi\u1ebft k\u1ebf n\u1ed5i b\u1eadt v\u1edbi <strong data-start=\"342\" data-end=\"368\">m\u1eb7t s\u1ed1 tr\u1eafng tinh gi\u1ea3n<\/strong>, logo CK thanh m\u1ea3nh v\u00e0 d\u00e2y da \u0111en cao c\u1ea5p, t\u1ea1o n\u00ean t\u1ed5ng th\u1ec3 h\u00e0i h\u00f2a, d\u1ec5 ph\u1ed1i \u0111\u1ed3 t\u1eeb c\u00f4ng s\u1edf \u0111\u1ebfn d\u1ea1o ph\u1ed1.<\/p>\n<p data-start=\"476\" data-end=\"492\">C\u1eb7p \u0111\u1ed3ng h\u1ed3 g\u1ed3m:<\/p>\n<ul data-start=\"493\" data-end=\"619\">\n<li data-section-id=\"kfoggb\" data-start=\"493\" data-end=\"535\"><strong data-start=\"495\" data-end=\"503\">Nam:<\/strong> size 42mm \u2013 m\u1ea1nh m\u1ebd, nam t\u00ednh<\/li>\n<li data-section-id=\"vhbcpi\" data-start=\"536\" data-end=\"619\"><strong data-start=\"538\" data-end=\"545\">N\u1eef:<\/strong> size 36mm \u2013 thanh l\u1ecbch, nh\u1eb9 nh\u00e0ng<\/li>\n<\/ul>\n<p data-start=\"621\" data-end=\"776\">C\u1ea3 hai \u0111\u1ec1u s\u1eed d\u1ee5ng <strong data-start=\"640\" data-end=\"663\">b\u1ed9 m\u00e1y Quartz (pin)<\/strong> cho \u0111\u1ed9 ch\u00ednh x\u00e1c cao, ho\u1ea1t \u0111\u1ed9ng \u1ed5n \u0111\u1ecbnh v\u00e0 kh\u00f4ng c\u1ea7n b\u1ea3o d\u01b0\u1ee1ng ph\u1ee9c t\u1ea1p.<\/p>\n<p data-start=\"778\" data-end=\"999\">V\u1ecf th\u00e9p kh\u00f4ng g\u1ec9 k\u1ebft h\u1ee3p d\u00e2y da gi\u00fap \u0111\u1ed3ng h\u1ed3 v\u1eeba b\u1ec1n b\u1ec9 v\u1eeba mang l\u1ea1i c\u1ea3m gi\u00e1c \u0111eo tho\u1ea3i m\u00e1i. Kh\u1ea3 n\u0103ng ch\u1ed1ng n\u01b0\u1edbc 30m \u0111\u00e1p \u1ee9ng t\u1ed1t nhu c\u1ea7u sinh ho\u1ea1t h\u1eb1ng ng\u00e0y nh\u01b0 r\u1eeda tay, \u0111i m\u01b0a nh\u1eb9.<\/p>\n<h2 data-section-id=\"yxzfo2\" data-start=\"1137\" data-end=\"1160\">\ud83d\udccb Th\u00f4ng s\u1ed1 s\u1ea3n ph\u1ea9m<\/h2>\n<div class=\"TyagGW_tableContainer\">\n<div class=\"group TyagGW_tableWrapper flex flex-col-reverse w-fit\" tabindex=\"-1\">\n<table class=\"w-fit min-w-(--thread-content-width)\" data-start=\"1162\" data-end=\"1712\">\n<thead data-start=\"1162\" data-end=\"1220\">\n<tr data-start=\"1162\" data-end=\"1220\">\n<th class=\"align-top\" data-start=\"1162\" data-end=\"1178\" data-col-size=\"sm\"><strong data-start=\"1164\" data-end=\"1177\">Th\u00f4ng tin<\/strong><\/th>\n<th class=\"align-top\" data-start=\"1178\" data-end=\"1199\" data-col-size=\"sm\"><strong data-start=\"1180\" data-end=\"1198\">Nam (K7B216C6)<\/strong><\/th>\n<th class=\"align-top\" data-start=\"1199\" data-end=\"1220\" data-col-size=\"sm\"><strong data-start=\"1201\" data-end=\"1218\">N\u1eef (K7B236C6)<\/strong><\/th>\n<\/tr>\n<\/thead>\n<tbody data-start=\"1279\" data-end=\"1712\">\n<tr data-start=\"1279\" data-end=\"1328\">\n<td data-start=\"1279\" data-end=\"1297\" data-col-size=\"sm\"><strong data-start=\"1281\" data-end=\"1296\">Th\u01b0\u01a1ng hi\u1ec7u<\/strong><\/td>\n<td data-start=\"1297\" data-end=\"1312\" data-col-size=\"sm\">Calvin Klein<\/td>\n<td data-start=\"1312\" data-end=\"1328\" data-col-size=\"sm\">Calvin Klein<\/td>\n<\/tr>\n<tr data-start=\"1329\" data-end=\"1377\">\n<td data-start=\"1329\" data-end=\"1343\" data-col-size=\"sm\"><strong data-start=\"1331\" data-end=\"1342\">Xu\u1ea5t x\u1ee9<\/strong><\/td>\n<td data-start=\"1343\" data-end=\"1366\" data-col-size=\"sm\">Th\u1ee5y S\u0129 (Swiss Made)<\/td>\n<td data-start=\"1366\" data-end=\"1377\" data-col-size=\"sm\">Th\u1ee5y S\u0129<\/td>\n<\/tr>\n<tr data-start=\"1378\" data-end=\"1424\">\n<td data-start=\"1378\" data-end=\"1393\" data-col-size=\"sm\"><strong data-start=\"1380\" data-end=\"1392\">Lo\u1ea1i m\u00e1y<\/strong><\/td>\n<td data-start=\"1393\" data-end=\"1408\" data-col-size=\"sm\">Quartz (Pin)<\/td>\n<td data-start=\"1408\" data-end=\"1424\" data-col-size=\"sm\">Quartz (Pin)<\/td>\n<\/tr>\n<tr data-start=\"1425\" data-end=\"1485\">\n<td data-start=\"1425\" data-end=\"1446\" data-col-size=\"sm\"><strong data-start=\"1427\" data-end=\"1445\">Ch\u1ea5t li\u1ec7u k\u00ednh<\/strong><\/td>\n<td data-start=\"1446\" data-end=\"1470\" data-col-size=\"sm\">K\u00ednh kho\u00e1ng (Mineral)<\/td>\n<td data-start=\"1470\" data-end=\"1485\" data-col-size=\"sm\">K\u00ednh kho\u00e1ng<\/td>\n<\/tr>\n<tr data-start=\"1486\" data-end=\"1525\">\n<td data-start=\"1486\" data-end=\"1506\" data-col-size=\"sm\"><strong data-start=\"1488\" data-end=\"1505\">Ch\u1ea5t li\u1ec7u d\u00e2y<\/strong><\/td>\n<td data-start=\"1506\" data-end=\"1515\" data-col-size=\"sm\">D\u00e2y da<\/td>\n<td data-start=\"1515\" data-end=\"1525\" data-col-size=\"sm\">D\u00e2y da<\/td>\n<\/tr>\n<tr data-start=\"1526\" data-end=\"1578\">\n<td data-start=\"1526\" data-end=\"1545\" data-col-size=\"sm\"><strong data-start=\"1528\" data-end=\"1544\">Ch\u1ea5t li\u1ec7u v\u1ecf<\/strong><\/td>\n<td data-start=\"1545\" data-end=\"1561\" data-col-size=\"sm\">Th\u00e9p kh\u00f4ng g\u1ec9<\/td>\n<td data-start=\"1561\" data-end=\"1578\" data-col-size=\"sm\">Th\u00e9p kh\u00f4ng g\u1ec9<\/td>\n<\/tr>\n<tr data-start=\"1579\" data-end=\"1611\">\n<td data-start=\"1579\" data-end=\"1594\" data-col-size=\"sm\"><strong data-start=\"1581\" data-end=\"1593\">Size m\u1eb7t<\/strong><\/td>\n<td data-start=\"1594\" data-end=\"1602\" data-col-size=\"sm\">42 mm<\/td>\n<td data-start=\"1602\" data-end=\"1611\" data-col-size=\"sm\">36 mm<\/td>\n<\/tr>\n<tr data-start=\"1612\" data-end=\"1650\">\n<td data-start=\"1612\" data-end=\"1629\" data-col-size=\"sm\"><strong data-start=\"1614\" data-end=\"1628\">Ch\u1ed1ng n\u01b0\u1edbc<\/strong><\/td>\n<td data-start=\"1629\" data-end=\"1643\" data-col-size=\"sm\">30m (3 ATM)<\/td>\n<td data-start=\"1643\" data-end=\"1650\" data-col-size=\"sm\">30m<\/td>\n<\/tr>\n<tr data-start=\"1651\" data-end=\"1712\">\n<td data-start=\"1651\" data-end=\"1668\" data-col-size=\"sm\"><strong data-start=\"1653\" data-end=\"1667\">Phong c\u00e1ch<\/strong><\/td>\n<td data-start=\"1668\" data-end=\"1689\" data-col-size=\"sm\">Nam t\u00ednh, t\u1ed1i gi\u1ea3n<\/td>\n<td data-start=\"1689\" data-end=\"1712\" data-col-size=\"sm\">Thanh l\u1ecbch, n\u1eef t\u00ednh<\/td>\n<\/tr>\n<\/tbody>\n<\/table>\n<\/div>\n<\/div>\n","protected":false},"excerpt":{"rendered":"<p>\ud83d\udc49 \u0110\u1ed3ng h\u1ed3 \u0111\u00f4i Calvin Klein \u00a0mang thi\u1ebft k\u1ebf t\u1ed1i gi\u1ea3n sang tr\u1ecdng, l\u00e0 m\u00f3n qu\u00e0 \u00fd ngh\u0129a d\u00e0nh cho c\u00e1c c\u1eb7p \u0111\u00f4i hi\u1ec7n \u0111\u1ea1i.<\/p>\n","protected":false},"featured_media":288,"comment_status":"open","ping_status":"closed","template":"","meta":[],"product_brand":[36],"product_cat":[23,15],"product_tag":[],"class_list":{"0":"post-285","1":"product","2":"type-product","3":"status-publish","4":"has-post-thumbnail","6":"product_brand-calvin-klein","7":"product_cat-dong-ho-nu","8":"product_cat-uncategorized","10":"first","11":"instock","12":"shipping-taxable","13":"purchasable","14":"product-type-variable"},"yoast_head":"<!-- This site is optimized with the Yoast SEO plugin v27.4 - https:\/\/yoast.com\/product\/yoast-seo-wordpress\/ -->\n<title>Calvin Klein \u0110\u00f4i \u2013 Quartz (Pin) \u2013 D\u00e2y Da -<\/title>\n<meta name=\"robots\" content=\"index, follow, max-snippet:-1, max-image-preview:large, max-video-preview:-1\" \/>\n<link rel=\"canonical\" href=\"https:\/\/aevum.id.vn\/?product=calvin-klein-doi-quartz-pin-day-da\" \/>\n<meta property=\"og:locale\" content=\"vi_VN\" \/>\n<meta property=\"og:type\" content=\"article\" \/>\n<meta property=\"og:title\" content=\"Calvin Klein \u0110\u00f4i \u2013 Quartz (Pin) \u2013 D\u00e2y Da -\" \/>\n<meta property=\"og:description\" content=\"\ud83d\udc49 \u0110\u1ed3ng h\u1ed3 \u0111\u00f4i Calvin Klein \u00a0mang thi\u1ebft k\u1ebf t\u1ed1i gi\u1ea3n sang tr\u1ecdng, l\u00e0 m\u00f3n qu\u00e0 \u00fd ngh\u0129a d\u00e0nh cho c\u00e1c c\u1eb7p \u0111\u00f4i hi\u1ec7n \u0111\u1ea1i.\" \/>\n<meta property=\"og:url\" content=\"https:\/\/aevum.id.vn\/?product=calvin-klein-doi-quartz-pin-day-da\" \/>\n<meta name=\"twitter:card\" content=\"summary_large_image\" \/>\n<meta name=\"twitter:label1\" content=\"\u01af\u1edbc t\u00ednh th\u1eddi gian \u0111\u1ecdc\" \/>\n\t<meta name=\"twitter:data1\" content=\"3 ph\u00fat\" \/>\n<script type=\"application\/ld+json\" class=\"yoast-schema-graph\">{\"@context\":\"https:\\\/\\\/schema.org\",\"@graph\":[{\"@type\":\"WebPage\",\"@id\":\"https:\\\/\\\/aevum.id.vn\\\/?product=calvin-klein-doi-quartz-pin-day-da\",\"url\":\"https:\\\/\\\/aevum.id.vn\\\/?product=calvin-klein-doi-quartz-pin-day-da\",\"name\":\"Calvin Klein \u0110\u00f4i \u2013 Quartz (Pin) \u2013 D\u00e2y Da -\",\"isPartOf\":{\"@id\":\"https:\\\/\\\/aevum.id.vn\\\/#website\"},\"primaryImageOfPage\":{\"@id\":\"https:\\\/\\\/aevum.id.vn\\\/?product=calvin-klein-doi-quartz-pin-day-da#primaryimage\"},\"image\":{\"@id\":\"https:\\\/\\\/aevum.id.vn\\\/?product=calvin-klein-doi-quartz-pin-day-da#primaryimage\"},\"thumbnailUrl\":\"https:\\\/\\\/aevum.id.vn\\\/wp-content\\\/uploads\\\/2026\\\/04\\\/15_K7B211CY-K7B231CY.jpg.avif\",\"datePublished\":\"2026-04-18T07:56:06+00:00\",\"breadcrumb\":{\"@id\":\"https:\\\/\\\/aevum.id.vn\\\/?product=calvin-klein-doi-quartz-pin-day-da#breadcrumb\"},\"inLanguage\":\"vi\",\"potentialAction\":[{\"@type\":\"ReadAction\",\"target\":[\"https:\\\/\\\/aevum.id.vn\\\/?product=calvin-klein-doi-quartz-pin-day-da\"]}]},{\"@type\":\"ImageObject\",\"inLanguage\":\"vi\",\"@id\":\"https:\\\/\\\/aevum.id.vn\\\/?product=calvin-klein-doi-quartz-pin-day-da#primaryimage\",\"url\":\"https:\\\/\\\/aevum.id.vn\\\/wp-content\\\/uploads\\\/2026\\\/04\\\/15_K7B211CY-K7B231CY.jpg.avif\",\"contentUrl\":\"https:\\\/\\\/aevum.id.vn\\\/wp-content\\\/uploads\\\/2026\\\/04\\\/15_K7B211CY-K7B231CY.jpg.avif\",\"width\":900,\"height\":900},{\"@type\":\"BreadcrumbList\",\"@id\":\"https:\\\/\\\/aevum.id.vn\\\/?product=calvin-klein-doi-quartz-pin-day-da#breadcrumb\",\"itemListElement\":[{\"@type\":\"ListItem\",\"position\":1,\"name\":\"Trang ch\u1ee7\",\"item\":\"https:\\\/\\\/aevum.id.vn\\\/\"},{\"@type\":\"ListItem\",\"position\":2,\"name\":\"C\u1eeda H\u00e0ng\",\"item\":\"https:\\\/\\\/aevum.id.vn\\\/?page_id=7\"},{\"@type\":\"ListItem\",\"position\":3,\"name\":\"Calvin Klein \u0110\u00f4i \u2013 Quartz (Pin) \u2013 D\u00e2y Da\"}]},{\"@type\":\"WebSite\",\"@id\":\"https:\\\/\\\/aevum.id.vn\\\/#website\",\"url\":\"https:\\\/\\\/aevum.id.vn\\\/\",\"name\":\"\",\"description\":\"\",\"potentialAction\":[{\"@type\":\"SearchAction\",\"target\":{\"@type\":\"EntryPoint\",\"urlTemplate\":\"https:\\\/\\\/aevum.id.vn\\\/?s={search_term_string}\"},\"query-input\":{\"@type\":\"PropertyValueSpecification\",\"valueRequired\":true,\"valueName\":\"search_term_string\"}}],\"inLanguage\":\"vi\"}]}<\/script>\n<!-- \/ Yoast SEO plugin. -->","yoast_head_json":{"title":"Calvin Klein \u0110\u00f4i \u2013 Quartz (Pin) \u2013 D\u00e2y Da -","robots":{"index":"index","follow":"follow","max-snippet":"max-snippet:-1","max-image-preview":"max-image-preview:large","max-video-preview":"max-video-preview:-1"},"canonical":"https:\/\/aevum.id.vn\/?product=calvin-klein-doi-quartz-pin-day-da","og_locale":"vi_VN","og_type":"article","og_title":"Calvin Klein \u0110\u00f4i \u2013 Quartz (Pin) \u2013 D\u00e2y Da -","og_description":"\ud83d\udc49 \u0110\u1ed3ng h\u1ed3 \u0111\u00f4i Calvin Klein \u00a0mang thi\u1ebft k\u1ebf t\u1ed1i gi\u1ea3n sang tr\u1ecdng, l\u00e0 m\u00f3n qu\u00e0 \u00fd ngh\u0129a d\u00e0nh cho c\u00e1c c\u1eb7p \u0111\u00f4i hi\u1ec7n \u0111\u1ea1i.","og_url":"https:\/\/aevum.id.vn\/?product=calvin-klein-doi-quartz-pin-day-da","twitter_card":"summary_large_image","twitter_misc":{"\u01af\u1edbc t\u00ednh th\u1eddi gian \u0111\u1ecdc":"3 ph\u00fat"},"schema":{"@context":"https:\/\/schema.org","@graph":[{"@type":"WebPage","@id":"https:\/\/aevum.id.vn\/?product=calvin-klein-doi-quartz-pin-day-da","url":"https:\/\/aevum.id.vn\/?product=calvin-klein-doi-quartz-pin-day-da","name":"Calvin Klein \u0110\u00f4i \u2013 Quartz (Pin) \u2013 D\u00e2y Da -","isPartOf":{"@id":"https:\/\/aevum.id.vn\/#website"},"primaryImageOfPage":{"@id":"https:\/\/aevum.id.vn\/?product=calvin-klein-doi-quartz-pin-day-da#primaryimage"},"image":{"@id":"https:\/\/aevum.id.vn\/?product=calvin-klein-doi-quartz-pin-day-da#primaryimage"},"thumbnailUrl":"https:\/\/aevum.id.vn\/wp-content\/uploads\/2026\/04\/15_K7B211CY-K7B231CY.jpg.avif","datePublished":"2026-04-18T07:56:06+00:00","breadcrumb":{"@id":"https:\/\/aevum.id.vn\/?product=calvin-klein-doi-quartz-pin-day-da#breadcrumb"},"inLanguage":"vi","potentialAction":[{"@type":"ReadAction","target":["https:\/\/aevum.id.vn\/?product=calvin-klein-doi-quartz-pin-day-da"]}]},{"@type":"ImageObject","inLanguage":"vi","@id":"https:\/\/aevum.id.vn\/?product=calvin-klein-doi-quartz-pin-day-da#primaryimage","url":"https:\/\/aevum.id.vn\/wp-content\/uploads\/2026\/04\/15_K7B211CY-K7B231CY.jpg.avif","contentUrl":"https:\/\/aevum.id.vn\/wp-content\/uploads\/2026\/04\/15_K7B211CY-K7B231CY.jpg.avif","width":900,"height":900},{"@type":"BreadcrumbList","@id":"https:\/\/aevum.id.vn\/?product=calvin-klein-doi-quartz-pin-day-da#breadcrumb","itemListElement":[{"@type":"ListItem","position":1,"name":"Trang ch\u1ee7","item":"https:\/\/aevum.id.vn\/"},{"@type":"ListItem","position":2,"name":"C\u1eeda H\u00e0ng","item":"https:\/\/aevum.id.vn\/?page_id=7"},{"@type":"ListItem","position":3,"name":"Calvin Klein \u0110\u00f4i \u2013 Quartz (Pin) \u2013 D\u00e2y Da"}]},{"@type":"WebSite","@id":"https:\/\/aevum.id.vn\/#website","url":"https:\/\/aevum.id.vn\/","name":"","description":"","potentialAction":[{"@type":"SearchAction","target":{"@type":"EntryPoint","urlTemplate":"https:\/\/aevum.id.vn\/?s={search_term_string}"},"query-input":{"@type":"PropertyValueSpecification","valueRequired":true,"valueName":"search_term_string"}}],"inLanguage":"vi"}]}},"_links":{"self":[{"href":"https:\/\/aevum.id.vn\/index.php?rest_route=\/wp\/v2\/product\/285","targetHints":{"allow":["GET"]}}],"collection":[{"href":"https:\/\/aevum.id.vn\/index.php?rest_route=\/wp\/v2\/product"}],"about":[{"href":"https:\/\/aevum.id.vn\/index.php?rest_route=\/wp\/v2\/types\/product"}],"replies":[{"embeddable":true,"href":"https:\/\/aevum.id.vn\/index.php?rest_route=%2Fwp%2Fv2%2Fcomments&post=285"}],"wp:featuredmedia":[{"embeddable":true,"href":"https:\/\/aevum.id.vn\/index.php?rest_route=\/wp\/v2\/media\/288"}],"wp:attachment":[{"href":"https:\/\/aevum.id.vn\/index.php?rest_route=%2Fwp%2Fv2%2Fmedia&parent=285"}],"wp:term":[{"taxonomy":"product_brand","embeddable":true,"href":"https:\/\/aevum.id.vn\/index.php?rest_route=%2Fwp%2Fv2%2Fproduct_brand&post=285"},{"taxonomy":"product_cat","embeddable":true,"href":"https:\/\/aevum.id.vn\/index.php?rest_route=%2Fwp%2Fv2%2Fproduct_cat&post=285"},{"taxonomy":"product_tag","embeddable":true,"href":"https:\/\/aevum.id.vn\/index.php?rest_route=%2Fwp%2Fv2%2Fproduct_tag&post=285"}],"curies":[{"name":"wp","href":"https:\/\/api.w.org\/{rel}","templated":true}]}}